
-25
Let i(b) = 2*b**2 - 147*b - 11864. Determine i(-53).
1545
Let u(g) = 570*g - 18925. Determine u(33).
-115
Let o(i) = 86*i**3 + 113*i**2 + 2*i - 1. Determine o(-2).
-241
Let t(v) = 261*v + 574. Determine t(-1).
313
Let m(w) = -46*w**2 + 375*w - 44. Determine m(8).
12
Let t(f) = 2*f**3 + 566*f**2 + 600*f + 10058. Give t(-282).
-94
Let z(j) = 26*j**2 - 8064*j + 620819. Calculate z(142).
-5
Let n(t) = 85840*t - 515059. Calculate n(6).
-19
Let i(l) = 20*l**3 - 16*l**2 - 30*l - 171. Calculate i(-5).
-2921
Let y(o) = -14*o**2 - 86*o - 115. Calculate y(-4).
5
Let u(h) = -h**3 - 63*h**2 - 88*h - 1544. Give u(-62).
68
Let x(t) = -258*t**2 + 539*t - 538. Calculate x(1).
-257
Let c(x) = 10*x**3 + 3*x**2 - 153*x - 485. What is c(-3)?
-269
Let f(j) = -30643*j + 153940. What is f(5)?
725
Let y(u) = u**3 - 3*u**2 - 15*u - 377. Determine y(0).
-377
Let s(d) = -23*d**3 + 20*d**2 + 66*d - 279. What is s(3)?
-522
Let d(z) = z**3 + 63*z**2 - 312*z - 29934. Determine d(-60).
-414
Let a(d) = -d**2 - 264*d + 11473. Give a(38).
-3
Let x(f) = -474*f**2 - 96227*f - 1073. What is x(-203)?
-58
Let l(g) = -15*g**2 + 14019*g - 498171. Calculate l(37).
-3
Let b(q) = -q**3 - 386*q**2 - 5561*q + 56. Determine b(-15).
-4
Let t(o) = -o**3 + 27*o**2 + 343*o - 508. What is t(36)?
176
Let k(h) = -780*h - 50932. Calculate k(-65).
-232
Let x(f) = f**2 + 651*f - 178670. Give x(208).
2
Let v(c) = -16*c**2 - 58*c + 174. Determine v(-6).
-54
Let t(o) = 78*o - 2363. Give t(40).
757
Let p(a) = 4*a**2 - 531*a + 10008. Determine p(110).
-2
Let r(g) = g**3 - 38*g**2 - 65*g + 1923. Give r(7).
-51
Let u(w) = -w**3 - 161*w**2 - 4*w - 1072. Determine u(-161).
-428
Let s(t) = -t**2 - 437*t - 3550. What is s(-8)?
-118
Let f(l) = l**2 - 657*l + 7734. Give f(12).
-6
Let n(a) = a**3 + 70*a**2 + 294*a - 1405. Calculate n(-65).
610
Let m(z) = 2*z**2 + 4386*z - 941661. Calculate m(197).
-1
Let a(p) = -618*p + 92667. Calculate a(150).
-33
Let w(q) = 313*q**3 + 46949*q**2 - 150*q - 64. Calculate w(-150).
-64
Let t(h) = -h**3 + 156*h**2 - 753*h - 269. Determine t(151).
33
Let n(s) = 2*s**2 - 125*s - 711. What is n(70)?
339
Let h(f) = -6997*f - 1119501. Give h(-160).
19
Let j(z) = 8*z**3 + 3*z**2 + 6*z - 101. Determine j(6).
1771
Let k(n) = -4790*n + 43473. Determine k(9).
363
Let i(h) = 2*h**3 + 31*h**2 - 48*h + 40. Give i(-16).
552
Let i(t) = -44662*t - 4600171. Determine i(-103).
15
Let g(k) = -2*k**3 - 172*k**2 + 367*k + 327. Determine g(-88).
-993
Let v(i) = -3*i**2 + 12075*i - 24149. Give v(2).
-11
Let m(u) = 4089*u + 421066. Determine m(-103).
-101
Let v(p) = 4881193*p - 24405971. What is v(5)?
-6
Let n(m) = 131*m**3 - 43*m**2 + 76*m - 23. Calculate n(1).
141
Let u(a) = -853*a + 484600. What is u(568)?
96
Let o(j) = 9*j**2 - 7195*j - 36039. Determine o(-5).
161
Let z(o) = -3*o**2 + 843*o - 15979. Give z(20).
-319
Let c(i) = -i**2 - 11*i + 1. Give c(5).
-79
Let l(y) = -3*y**3 - 215*y**2 - 1962*y + 293. Give l(-61).
903
Let d(t) = t**3 - 35*t**2 + 24*t - 799. What is d(35)?
41
Let s(y) = -2*y**3 + 833*y**2 - 23549*y + 1141. Give s(386).
-17
Let h(d) = -d**3 - 175*d**2 - 132*d + 7451. What is h(-174)?
143
Let c(j) = 18*j**2 - 19060*j - 57273. Calculate c(-3).
69
Let s(g) = 4*g**2 - 83*g + 464. Calculate s(17).
209
Let s(t) = -4*t**3 + 1213*t**2 - 567*t + 79966. Determine s(303).
-26
Let n(z) = -42009*z - 210381. What is n(-5)?
-336
Let w(s) = -5*s**2 + 1762*s + 175. What is w(353)?
-884
Let x(p) = -p**3 - 23*p**2 - 149*p - 425. Give x(-15).
10
Let b(u) = -319*u**2 - 4151*u - 26. Determine b(-13).
26
Let q(j) = 524*j**2 - 108993*j + 278. What is q(208)?
70
Let w(a) = 98*a - 26035. Give w(267).
131
Let g(a) = 31*a**2 + 3557*a - 35585. Determine g(-124).
3
Let c(x) = -2522*x + 3201. Give c(0).
3201
Let g(v) = 38*v**2 + 11*v - 16. What is g(-1)?
11
Let l(i) = -3*i**2 + 4033*i - 102876. Determine l(26).
-46
Let q(x) = x**3 - 133*x**2 + 11*x + 15974. Give q(132).
2
Let n(z) = -z**3 + z**2 - 845*z + 5111. What is n(6)?
-139
Let r(m) = -44*m**2 - 83*m + 1. What is r(0)?
1
Let g(f) = 1391*f + 33795. Calculate g(-24).
411
Let o(n) = 28562*n + 257545. Give o(-9).
487
Let a(y) = 3724*y - 201100. Calculate a(54).
-4
Let s(h) = 1642*h**2 - 90324*h + 765. Calculate s(55).
-5
Let m(b) = -195*b - 2271. Calculate m(-13).
264
Let d(x) = -12*x**2 + 9559*x - 34107. Calculate d(793).
-8
Let d(v) = -2167*v + 569914. Calculate d(263).
-7
Let q(c) = 53196*c + 372037. What is q(-7)?
-335
Let a(d) = -40807*d + 122415. What is a(3)?
-6
Let b(x) = x**3 - 240*x**2 + 4203*x - 870. Calculate b(221).
14
Let n(q) = 189*q**3 + 2*q**2 - 296*q - 298. What is n(-1)?
-189
Let f(d) = -820*d + 144385. Calculate f(176).
65
Let n(m) = 860*m**2 - 216*m + 214. What is n(1)?
858
Let v(h) = h**2 - 87*h - 8184. Give v(-57).
24
Let c(p) = 237*p + 7025. Determine c(-26).
863
Let z(l) = -l**2 - 5676*l - 191840. Calculate z(-34).
-12
Let a(z) = -z**2 - 6758*z + 54134. Calculate a(8).
6
Let p(f) = -f**2 + 112607*f + 2252546. What is p(-20)?
6
Let i(g) = 221*g + 1075. Give i(-4).
191
Let d(h) = 2*h**3 - 90*h**2 - 609*h - 95. Give d(51).
58
Let w(d) = -d**3 - 52*d**2 + 5304*d + 270194. What is w(-50)?
-6
Let x(k) = k**3 - 28*k**2 - 1017*k + 20479. What is x(17)?
11
Let g(h) = 267*h**2 + 4547*h + 29. Give g(-17).
-107
Let i(h) = 20*h**2 - 3076*h + 5482. Give i(152).
10
Let g(x) = -x**2 - 102*x + 833. Determine g(-114).
-535
Let b(q) = -q**3 - 17*q**2 + 252*q + 2599. Give b(-8).
7
Let x(m) = -5299*m + 460746. Give x(87).
-267
Let g(o) = -o**3 - 52*o**2 + 3*o - 1326. Calculate g(-52).
-1482
Let k(f) = -f**3 + 115*f**2 - 3538*f + 24154. Determine k(37).
30
Let h(n) = 922039*n - 922045. Give h(1).
-6
Let x(o) = o**2 - 62*o - 78. What is x(10)?
-598
Let p(u) = 2503*u + 20889. Calculate p(-8).
865
Let m(i) = -2742*i + 53533. Determine m(19).
1435
Let v(t) = 2075*t + 51952. Give v(-25).
77
Let u(t) = 12*t**2 + 1354*t - 10067. What is u(7)?
-1
Let n(u) = u**3 + 32*u**2 - 130*u + 491. Calculate n(-36).
-13
Let u(s) = -38*s**2 + 153*s - 1095. Calculate u(8).
-2303
Let t(p) = 13344*p - 13345. Give t(1).
-1
Let h(w) = -56*w**3 + 1622*w**2 + 30*w + 817. Determine h(29).
5
Let p(w) = -w**2 + 16264*w - 81318. Give p(5).
-23
Let x(s) = s**3 + 157*s**2 - 82344*s + 9. What is x(-376)?
9
Let o(i) = -4*i**3 + 37*i**2 - 261*i + 2294. Give o(9).
26
Let i(j) = 404*j**2 - 3324*j + 748. What is i(8)?
12
Let h(f) = 2*f**2 - 1988*f + 183548. Determine h(103).
2
Let c(t) = -54*t**2 + 27*t - 138. Calculate c(5).
-1353
Let m(v) = v**3 - 121*v**2 - 236*v - 1359. Calculate m(123).
-129
Let i(p) = -p**3 - 1263*p**2 + 333084*p + 899. Calculate i(224).
3
Let w(j) = 27*j**3 + 16311*j**2 + 1791*j - 12684. What is w(-604)?
0
Let r(t) = -22*t**3 + 397*t**2 - 136*t + 2122. Calculate r(18).
-2
Let g(a) = 9*a**2 - 112*a + 430. Calculate g(8).
110
Let p(m) = 1542*m**2 + 20057*m + 139. What is p(-13)?
-4
Let l(v) = v**3 + 54*v**2 + 343*v + 211. Calculate l(-9).
769
Let g(p) = -p**3 - 2106*p**2 - 122758*p + 130. Calculate g(-60).
10
Let h(g) = -32*g - 1865. Give h(0).
-1865
Let p(n) = n**3 - 11*n**2 - 39*n + 479. Determine p(13).
310
Let o(s) = 2591*s + 409387. Calculate o(-158).
9
Let m(k) = -5*k**3 - 70*k**2 - 262*k - 10. Give m(0).
-10
Let z(d) = -d**3 - 507*d**2 - 5448*d + 3964. Calculate z(-496).
-4
Let w(i) = -i**3 + 389*i**2 - 9459*i + 7631. Calculate w(363).
8
Let x(p) = 82*p**3 - 8453*p**2 - 7810*p + 1035. Calculate x(104).
-5
Let c(j) = 1907*j + 32458. Determine c(-17).
39
Let j(v) = -238*v - 9261. Calculate j(-40).
259
Let a(w) = 3377*w**2 + 168848*w - 96. Determine a(-50).
4
Let o(x) = -19*x**2 + 725*x + 180. What is o(38)?
294
Let p(j) = -77342*j - 541319. Give p(-7).
75
Let h(c) = 2*c**2 + 1859*c + 45284. Calculate h(-25).
59
Let f(n) = -3*n**2 + 334*n + 19690. Determine f(154).
-22
Let h(p) = 99*p - 134. Give h(7).
559
Let t(a) = 2*a**3 + 84*a**2 + 96*a - 2567. What is t(-40)?
-7
Let z(l) = l**3 - 152*l**2 - 157*l + 585. What is z(153)?
-27
Let q(t) = -t**3 - 45*t**2 - 701*t - 16517. Give q(-38).
13
Let i(x) = -5*x**2 - 2332*x + 3752. What is i(-468)?
8
Let i(s) = -968*s + 11671. Determine i(13).
-913
Let f(o) = 2780*o - 100077. Determine f(36).
3
Let w(l) = 28*l**2 - 4902*l + 156. Calculate w(175).
-194
Let l(q) = -404*q**2 + 1443*q + 1843. Determine l(-1).
-4
Let h(m) = m**2 +